{"id":72,"date":"2018-03-28T19:08:30","date_gmt":"2018-03-28T19:08:30","guid":{"rendered":"https:\/\/u0090719390.user.hosting-agency.de\/wp\/?page_id=72"},"modified":"2018-04-03T20:17:24","modified_gmt":"2018-04-03T20:17:24","slug":"design","status":"publish","type":"page","link":"https:\/\/frankenluftbild.de\/?page_id=72","title":{"rendered":"Design"},"content":{"rendered":"<h3><b>Grafik und Design<\/b><\/h3>\n<p><img loading=\"lazy\" decoding=\"async\" class=\"alignnone wp-image-108 size-full\" src=\"https:\/\/u0090719390.user.hosting-agency.de\/wp\/wp-content\/uploads\/2018\/04\/design.jpg\" alt=\"\" width=\"600\" height=\"385\" srcset=\"https:\/\/frankenluftbild.de\/wp-content\/uploads\/2018\/04\/design.jpg 600w, https:\/\/frankenluftbild.de\/wp-content\/uploads\/2018\/04\/design-300x193.jpg 300w\" sizes=\"(max-width: 600px) 100vw, 600px\" \/><\/p>\n<p><b>Wir bieten mehr als &#8222;nur&#8220; Luftbilder&#8220;!<\/b><\/p>\n<p>Bei uns gibt es nicht nur hochwertige Luftbilder, sondern auch das dazu passende Design bis hin zur Druckvorstufe. Das Label &#8222;Frankenluftbild&#8220; finden Sie dar\u00fcber hinaus auch auf vielen weiteren grafischen Erzeugnissen. So fertigen wir individuelle Gru\u00dfkarten, Plakate, Bautafeln und Flyer f\u00fcr verschiedene Zwecke an. Auf Wunsch organisieren wir auch den Druck auf verschiedensten Materialien. Dabei arbeiten wir mit namhaften Unternehmen zusammen, die unsere Ideen mittragen und unsere Visionen realisieren.<\/p>\n<p>Bitte sprechen Sie uns an, damit wir mit Ihnen ein unverbindliches Angebot erarbeiten k\u00f6nnen.<\/p>\n<p>&nbsp;<\/p>\n","protected":false},"excerpt":{"rendered":"<p>Grafik und Design Wir bieten mehr als &#8222;nur&#8220; Luftbilder&#8220;! Bei uns gibt es nicht nur hochwertige Luftbilder, sondern auch das dazu passende Design bis hin zur Druckvorstufe. Das Label &#8222;Frankenluftbild&#8220; finden Sie dar\u00fcber hinaus auch auf vielen weiteren grafischen Erzeugnissen.<\/p>\n","protected":false},"author":2,"featured_media":0,"parent":0,"menu_order":0,"comment_status":"closed","ping_status":"closed","template":"","meta":{"footnotes":""},"_links":{"self":[{"href":"https:\/\/frankenluftbild.de\/index.php?rest_route=\/wp\/v2\/pages\/72"}],"collection":[{"href":"https:\/\/frankenluftbild.de\/index.php?rest_route=\/wp\/v2\/pages"}],"about":[{"href":"https:\/\/frankenluftbild.de\/index.php?rest_route=\/wp\/v2\/types\/page"}],"author":[{"embeddable":true,"href":"https:\/\/frankenluftbild.de\/index.php?rest_route=\/wp\/v2\/users\/2"}],"replies":[{"embeddable":true,"href":"https:\/\/frankenluftbild.de\/index.php?rest_route=%2Fwp%2Fv2%2Fcomments&post=72"}],"version-history":[{"count":3,"href":"https:\/\/frankenluftbild.de\/index.php?rest_route=\/wp\/v2\/pages\/72\/revisions"}],"predecessor-version":[{"id":110,"href":"https:\/\/frankenluftbild.de\/index.php?rest_route=\/wp\/v2\/pages\/72\/revisions\/110"}],"wp:attachment":[{"href":"https:\/\/frankenluftbild.de\/index.php?rest_route=%2Fwp%2Fv2%2Fmedia&parent=72"}],"curies":[{"name":"wp","href":"https:\/\/api.w.org\/{rel}","templated":true}]}}