{"id":73,"date":"2018-03-28T19:08:30","date_gmt":"2018-03-28T19:08:30","guid":{"rendered":"https:\/\/u0090719390.user.hosting-agency.de\/wp\/?page_id=73"},"modified":"2018-04-03T20:41:48","modified_gmt":"2018-04-03T20:41:48","slug":"kalender","status":"publish","type":"page","link":"https:\/\/frankenluftbild.de\/?page_id=73","title":{"rendered":"Kalender"},"content":{"rendered":"<h3>Kalenderprojekte<\/h3>\n<p>Immer wieder stellen wir die sch\u00f6nsten Aufnahmen zu Kalendern zusammen. Kleine Auflagen werden dabei im Digitaldruck individuell gefertigt. Die Produktion gr\u00f6\u00dferer St\u00fcckzahlen erfolgt in Offsetdruck.<\/p>\n<p><img loading=\"lazy\" decoding=\"async\" class=\"alignnone wp-image-119 size-full\" src=\"https:\/\/u0090719390.user.hosting-agency.de\/wp\/wp-content\/uploads\/2018\/04\/pegnitz-vorschau-1.jpg\" alt=\"\" width=\"800\" height=\"569\" srcset=\"https:\/\/frankenluftbild.de\/wp-content\/uploads\/2018\/04\/pegnitz-vorschau-1.jpg 800w, https:\/\/frankenluftbild.de\/wp-content\/uploads\/2018\/04\/pegnitz-vorschau-1-300x213.jpg 300w, https:\/\/frankenluftbild.de\/wp-content\/uploads\/2018\/04\/pegnitz-vorschau-1-768x546.jpg 768w\" sizes=\"(max-width: 800px) 100vw, 800px\" \/><\/p>\n<p><img loading=\"lazy\" decoding=\"async\" class=\"alignnone wp-image-118 size-full\" src=\"https:\/\/u0090719390.user.hosting-agency.de\/wp\/wp-content\/uploads\/2018\/04\/lauf-vorschau-1.jpg\" alt=\"\" width=\"800\" height=\"569\" srcset=\"https:\/\/frankenluftbild.de\/wp-content\/uploads\/2018\/04\/lauf-vorschau-1.jpg 800w, https:\/\/frankenluftbild.de\/wp-content\/uploads\/2018\/04\/lauf-vorschau-1-300x213.jpg 300w, https:\/\/frankenluftbild.de\/wp-content\/uploads\/2018\/04\/lauf-vorschau-1-768x546.jpg 768w\" sizes=\"(max-width: 800px) 100vw, 800px\" \/><\/p>\n<p><img loading=\"lazy\" decoding=\"async\" class=\"alignnone wp-image-115 size-full\" src=\"https:\/\/u0090719390.user.hosting-agency.de\/wp\/wp-content\/uploads\/2018\/04\/pegnitz-vorschau.jpg\" alt=\"\" width=\"442\" height=\"315\" \/><img loading=\"lazy\" decoding=\"async\" class=\"alignnone wp-image-113 size-full\" src=\"https:\/\/u0090719390.user.hosting-agency.de\/wp\/wp-content\/uploads\/2018\/04\/2017-rueckersdorf.jpg\" alt=\"\" width=\"800\" height=\"568\" srcset=\"https:\/\/frankenluftbild.de\/wp-content\/uploads\/2018\/04\/2017-rueckersdorf.jpg 800w, https:\/\/frankenluftbild.de\/wp-content\/uploads\/2018\/04\/2017-rueckersdorf-300x213.jpg 300w, https:\/\/frankenluftbild.de\/wp-content\/uploads\/2018\/04\/2017-rueckersdorf-768x545.jpg 768w\" sizes=\"(max-width: 800px) 100vw, 800px\" \/><\/p>\n<p><img loading=\"lazy\" decoding=\"async\" class=\"alignnone wp-image-116 size-full\" src=\"https:\/\/u0090719390.user.hosting-agency.de\/wp\/wp-content\/uploads\/2018\/04\/rueckersdorf-historisch.jpg\" alt=\"\" width=\"960\" height=\"678\" srcset=\"https:\/\/frankenluftbild.de\/wp-content\/uploads\/2018\/04\/rueckersdorf-historisch.jpg 960w, https:\/\/frankenluftbild.de\/wp-content\/uploads\/2018\/04\/rueckersdorf-historisch-300x212.jpg 300w, https:\/\/frankenluftbild.de\/wp-content\/uploads\/2018\/04\/rueckersdorf-historisch-768x542.jpg 768w\" sizes=\"(max-width: 960px) 100vw, 960px\" \/><\/p>\n","protected":false},"excerpt":{"rendered":"<p>Kalenderprojekte Immer wieder stellen wir die sch\u00f6nsten Aufnahmen zu Kalendern zusammen. Kleine Auflagen werden dabei im Digitaldruck individuell gefertigt. Die Produktion gr\u00f6\u00dferer St\u00fcckzahlen erfolgt in Offsetdruck.<\/p>\n","protected":false},"author":2,"featured_media":0,"parent":0,"menu_order":0,"comment_status":"closed","ping_status":"closed","template":"","meta":{"footnotes":""},"_links":{"self":[{"href":"https:\/\/frankenluftbild.de\/index.php?rest_route=\/wp\/v2\/pages\/73"}],"collection":[{"href":"https:\/\/frankenluftbild.de\/index.php?rest_route=\/wp\/v2\/pages"}],"about":[{"href":"https:\/\/frankenluftbild.de\/index.php?rest_route=\/wp\/v2\/types\/page"}],"author":[{"embeddable":true,"href":"https:\/\/frankenluftbild.de\/index.php?rest_route=\/wp\/v2\/users\/2"}],"replies":[{"embeddable":true,"href":"https:\/\/frankenluftbild.de\/index.php?rest_route=%2Fwp%2Fv2%2Fcomments&post=73"}],"version-history":[{"count":6,"href":"https:\/\/frankenluftbild.de\/index.php?rest_route=\/wp\/v2\/pages\/73\/revisions"}],"predecessor-version":[{"id":121,"href":"https:\/\/frankenluftbild.de\/index.php?rest_route=\/wp\/v2\/pages\/73\/revisions\/121"}],"wp:attachment":[{"href":"https:\/\/frankenluftbild.de\/index.php?rest_route=%2Fwp%2Fv2%2Fmedia&parent=73"}],"curies":[{"name":"wp","href":"https:\/\/api.w.org\/{rel}","templated":true}]}}